12*n - m = w. What is the highest common divisor of 40 and n?
8
Let x(g) = -g**3 + 5*g**2 + 5*g - 16. Let k be x(5). Suppose -k*v + 88 = -v. Suppose -m = v*m - 120. Calculate the highest common factor of 40 and m.
10
Let a be (-15)/35 - (-7821)/21. Let y = a - 162. What is the highest common factor of y and 21?
21
Suppose 0 = -4*h - 4*x + 912, -20*x + 680 = 3*h - 18*x. Let m be ((-2)/2)/(-1) + 98. Suppose 5*g - 61 = m. What is the highest common divisor of g and h?
32
Let o(t) = -183*t - 515. Let a be o(-5). Calculate the greatest common factor of 30 and a.
10
Suppose -13 - 185 = -2*g. Let r be g/2 + 4/8. Let z(b) = -18*b + 251. Let y be z(7). Calculate the highest common divisor of y and r.
25
Suppose 0 = 5*i - 18 - 2, s = 5*i - 16. Suppose 4*n - 330 + 99 = -3*y, 0 = -s*n - 2*y + 230. What is the greatest common factor of n and 76?
19
Let d = 436 + -131. Let v be (0 - -2)*((-424)/(-16) + 4). Calculate the greatest common divisor of d and v.
61
Let r(o) = -12*o + 962. Let t be r(68). Calculate the highest common divisor of 6059 and t.
73
Let t be 7/315*6 - 669/(-45). Let g = t + 37. Calculate the highest common divisor of g and 286.
26
Suppose d - 7*m + 8*m - 3374 = 0, d + 5*m = 3366. Calculate the highest common factor of 48 and d.
16
Let s(i) be the third derivative of -7*i**4/6 - 11*i**3/6 - 133*i**2. Let x be s(-17). Calculate the highest common factor of 30 and x.
15
Let l be (1 - 635/(-10) - 6)/((-3)/(-30)). What is the greatest common factor of l and 135?
45
Let v be (20/(-40))/(766/(-192) - -4). Suppose 0 = 2*q - t + 5*t + 102, 0 = -4*q + t - 231. Let c = v - q. Calculate the greatest common factor of c and 72.
9
Let s = -33 + 58. Suppose -19778 + 16278 = -28*r. What is the highest common factor of s and r?
25
Let i be 246/(-18) - (-4)/(-12). Let c be (-1)/(5/(-6))*(-735)/i. Let m = c + -53. Calculate the greatest common divisor of m and 40.
10
Let t = 8597 + -7787. Calculate the greatest common divisor of t and 720.
90
Suppose 2*r - 6 = v - 4, 4*r - 4 = -v. Let f = 12 - r. Suppose 2*o = -2*p + 6, -o - 4*p - 962 = -971. Calculate the greatest common divisor of f and o.
1
Let b(l) = -8199*l + 90396. Let m be b(11). Let t(s) = -29*s - 1. Let j be t(-4). What is the highest common divisor of m and j?
23
Let h be (-7)/(-5) + (-23394168)/(-2280). Calculate the greatest common factor of h and 14.
14
Let a = 11 + 4. Let f(i) = 206*i - 791. Let m be f(4). Calculate the greatest common factor of a and m.
3
Let g(d) = -8*d - 13. Let p be g(-4). Let v be 8/(-4)*72/(-16). Suppose -119 - 52 = -v*q. What is the highest common divisor of p and q?
19
Let t = -5 - -45. Let l(y) = 5*y + 5. Suppose 0*q - 4*q + 4*b = 12, 3*q + 4*b = 19. Let x be l(q). What is the greatest common divisor of x and t?
10
Let h be ((-13)/((-195)/(-5060)))/((16/6)/(-4)). Calculate the highest common divisor of 46 and h.
46
Let w(y) = -y**3 + 7*y**2 - 2*y - 35. Let l be w(5). Suppose -3*g + l*g = 108. What is the highest common factor of 81 and g?
27
Let j(f) = 28*f**2 - 172*f + 119. Let r be j(18). What is the highest common factor of r and 530?
265
Let y(c) = c**2 + c. Let r be y(3). Suppose 3*n + r = z, 3*z - 9 - 15 = 5*n. What is the highest common factor of z and 123?
3
Suppose 2*i - 4817 = -5*w, i = 124*w - 122*w - 1916. Calculate the highest common factor of 93 and w.
31
Let i(f) = 8762*f**3 + f**2 - 2*f + 1. Let a be i(1). Suppose -5*p - 3*m + a = 0, 46*m - 5266 = -3*p + 42*m. What is the greatest common divisor of p and 70?
70
Let z be (-248164)/(-140) + (-78)/30. Calculate the greatest common factor of 750 and z.
30
Suppose -5*v = -125*w + 129*w - 255704, 51145 = v + 5*w. Calculate the highest common divisor of v and 20.
20
Let v(r) = -6*r + 5. Let u be v(3). Let x = -29 - u. Let t = x - -31. What is the highest common divisor of t and 10?
5
Suppose -165*f = -22*f + 13*f - 73788. Calculate the greatest common divisor of 88 and f.
11
Let w = 35326 + -35126. Calculate the highest common factor of w and 3425.
25
Suppose 11*d - 3*d = 3792. Let i be 8/(-12) - (-2)/3 - -79. What is the greatest common factor of i and d?
79
Let a be (234/7 + 0)*(-2968)/(-636). Calculate the highest common factor of 228 and a.
12
Suppose 9*x = 8*x + 4. Let o be (-24)/40 - 3/(-5). Suppose o*k + 5*k + f - 203 = 0, -k = -x*f - 28. Calculate the greatest common factor of k and 10.
10
Let y be (-7826)/(-26) - (9 - 5). Suppose -x - 3*x = 3*l - 12, x - 20 = -5*l. Suppose -g - l*g + 135 = 0. Calculate the greatest common factor of y and g.
27
Let p be (4 + 3 + (-70)/(-7))*7. Calculate the greatest common factor of 3332 and p.
119
Let c(b) = 5*b - 3. Let t be c(-1). Let a be (0 + -2)*((-20)/t + 6). Let w = 29 + a. Calculate the highest common divisor of 132 and w.
12
Suppose -x + 4*b - 1352 = 4*x, x = 2*b - 268. Let o = 387 + x. What is the highest common factor of 23 and o?
23
Let d be (315/7)/(-9) - 150/(-6). Calculate the highest common divisor of d and 810.
10
Let j = -3011 - -3025. Suppose 3*x = -3*n + 42, -5*n = -4*x - 0 - 70. Calculate the highest common divisor of j and n.
14
Suppose -20 = 121*q - 125*q. Suppose -q*z - 6*z = -66. What is the highest common factor of 48 and z?
6
Let h = -42491 - -84209. Calculate the greatest common factor of h and 102.
102
Let p = 49 - 16. Suppose 27*z = p*z - 276. Calculate the highest common factor of z and 230.
46
Let n = 409 - 159. Let m be 1988/20 - (-9)/15. What is the highest common factor of m and n?
50
Let s = 18763 + -18576. Let r = 46 + -12. Calculate the greatest common factor of r and s.
17
Let h be -3*(-57)/18 - (-19)/38. Suppose h*x - 441 = 7*x. Calculate the greatest common divisor of 21 and x.
21
Suppose -2*a + 15*a - 10*a - 3045 = 0. What is the highest common factor of 35 and a?
35
Suppose -5*o - 10 = 0, -365*o + 360*o = m + 95. Suppose 3*x - 5*i = -214, 3*i - 272 = 4*x - i. Let f = x - m. Calculate the greatest common divisor of 11 and f.
11
Suppose 0*h + 3*v = -4*h - 649, -3*h - 486 = 2*v. Let g = h + 161. Calculate the greatest common divisor of 38 and g.
1
Let m = -1654 - -1651. Let o be 1/(-3) + (-43)/(-3). Let p = o + m. Calculate the greatest common divisor of p and 88.
11
Let d be 27/6*(-968)/22*(-44)/12. Calculate the highest common divisor of d and 6050.
242
Let g = 559 + -822. Let l = g + 271. What is the highest common divisor of l and 232?
8
Let s be ((-704)/5 + -4)*(-18 - -2 - 14). What is the highest common factor of 96 and s?
24
Let w(d) = d**3 - 53*d**2 - 115*d + 935. Let a be w(55). Calculate the greatest common divisor of 1188 and a.
132
Let o be ((-7)/(-3))/((-2)/(-72)). Suppose 0 = -20*u - 13*u + 11781. What is the greatest common factor of u and o?
21
Let g be 3/((4/(-86))/(16/(-24))). Suppose 8*b - g = 125. Suppose -k = -43 + 1. What is the highest common factor of b and k?
21
Suppose 161 = -124*u + 147*u. Calculate the greatest common divisor of u and 259.
7
Let r(d) = 2*d**2 + 15*d - 18. Let t be r(-9). Let q be (54/48)/(t/12)*2. Suppose u = -q*u + 748. What is the highest common divisor of 17 and u?
17
Let g(h) = 12*h**2 - 26*h - 212. Let y be g(-10). Suppose -208*v = -216*v + y. What is the highest common factor of 96 and v?
12
Let o be 1 + 3083 + (33 + -12 - 17). Calculate the highest common divisor of 32 and o.
16
Suppose 4*o - 554 = 3*j - 463, 4*o - 71 = -j. What is the highest common factor of 5434 and o?
19
Suppose 7*c - 930 - 78 = 0. Let h = c - 103. Calculate the highest common divisor of 82 and h.
41
Suppose -c + 3110 = -5*p, -3*p - 3877 + 771 = -c. What is the greatest common factor of 2604 and c?
124
Suppose 4*f = -3*f + 14. Let a be f/13 + 9/((-702)/(-1236)). Suppose i - 3*i + 224 = 0. What is the highest common factor of i and a?
16
Let v(r) = 901*r - 1306. Let w be v(6). What is the highest common divisor of 60 and w?
20
Let u(x) = 19*x**3 - 13 - 2*x + 13*x**3 + 17 + 3*x**3 - 4*x**2. Let k be u(2). Calculate the highest common factor of 33 and k.
33
Let b be 6 + 29/(-5) + 438/10. What is the highest common factor of 902 and b?
22
Let r be (15/20)/((-12)/(-16))*51. Suppose -192 - 12 = -r*n. Calculate the highest common divisor of 50 and n.
2
Let c be (1078/42)/((-2)/360). Let x be ((-10)/(-15)*-1)/(7/c). Calculate the greatest common factor of 40 and x.
40
Suppose 3*y = -23*f + 18*f + 114911, 8*y =